. Determine d(-6).
12
Let o(l) = -6*l**3 - 4*l + 4*l**2 + 3 - 11*l**2 + 6*l**2 + 3*l**2 - 1. Give o(1).
-6
Let f(m) = -3*m**2 + m + 4. Let j = -64 + 61. What is f(j)?
-26
Let y(h) = h**2 - 7*h + 9. Let b be y(7). Let g(n) = 21 + b*n - 4*n - 6*n. Let c be g(18). Let f(u) = u**2 - u - 3. What is f(c)?
3
Let l(z) = z**3 - z**2 + z - 1. Let v(p) = -6*p**3 + 6*p**2 - 6*p + 21. Let u(m) = -5*l(m) - v(m). Give u(0).
-16
Suppose -3*u + 0*u - 27 = -4*r, 3*r - u = 14. Let d(j) = 6*j**2 - 2*j + 8*j**r + 8 - j**3 - 6*j**3 - 2*j**3. Let v be (8/(-6))/(8/(-36)). Give d(v).
-4
Let r(m) be the first derivative of 5*m**3/3 - 8*m**2 - 2*m + 7. Let i(y) = 3*y**2 - 11*y - 1. Let a(o) = 8*i(o) - 5*r(o). What is a(-7)?
9
Let h(l) = -5*l. Let i(c) = -6*c + 55. Let z be i(10). What is h(z)?
25
Let v(t) be the first derivative of t**2 - t + 1. Let d(s) = -s**2 - 4*s + 10. Let m be d(0). Let n be (-68)/(-20) + (-4)/m. Calculate v(n).
5
Let d be (3/(-2))/(10 + 671/(-66)). Let f(v) = 2*v - 9. What is f(d)?
9
Let l(z) = 14*z**2 - 29*z + 15. Let k(m) = -22*m**2 + 44*m - 23. Let s(h) = 5*k(h) + 8*l(h). Give s(6).
5
Let u(h) = h**2 - 5*h + 2. Let i = -149 - -102. Let s = 74 + i. Let z be 3/9*s/3. Give u(z).
-4
Let u(j) be the third derivative of -j**5/30 - j**2. Let k(d) = d**3 - 5*d**2 + 1. Let x be k(5). What is u(x)?
-2
Let w(f) be the second derivative of 13/2*f**2 + 45*f + 0 + 1/3*f**3. What is w(-7)?
-1
Suppose -103*x = -76*x + 81. Suppose 0 = 2*b - 2 - 2. Let q(l) = -3*l + 0*l**b - 1 - l**2 + 0*l**2. Calculate q(x).
-1
Let h(s) = -3*s + 17. Let y(q) = q + 3. Let f(k) = 2*k + 7. Let p(r) = 4*f(r) - 9*y(r). Let b(g) = -h(g) + 5*p(g). Give b(-9).
6
Let s(j) = -2*j**2 - 3*j + 9. Let m(l) = l**2 + 6*l - 20. Let b be m(-8). Calculate s(b).
-11
Suppose -f = 4*v + 3, 4*f - 1 = 3*f - 2*v. Let a = f - 11. Let m(w) = -249 + 124 - w + 129. Give m(a).
10
Let z(r) = -9*r**2 - r**3 + 10*r**2 - 39 + 5. What is z(0)?
-34
Let j = -525 + 525. Let i(r) be the third derivative of 0 + 0*r - 1/3*r**4 - 4*r**2 + j*r**3 + 1/60*r**5. Calculate i(4).
-16
Let k(s) be the first derivative of -s**3/3 + 9*s + 533. Determine k(4).
-7
Let x = 18 - 15. Suppose 10 = c - k, 6*k - 4*k = -x*c + 5. Let p(d) = -d**2 + 4*d. Calculate p(c).
-5
Let u(w) be the second derivative of -w**4/12 + 5*w**3/6 - 3*w**2 - 245*w. Let x(n) = 2*n - 2. Let p be x(3). What is u(p)?
-2
Let g = 19 + -34. Let t(n) = n**3 + 16*n**2 + 14*n - 18. What is t(g)?
-3
Let l(y) be the third derivative of 27*y**2 + 1/24*y**4 + 0*y + 0 - 7/6*y**3. Give l(4).
-3
Let g(p) be the second derivative of -p**4/24 + 5*p**3/3 - 6*p**2 - 14*p. Let j(s) be the first derivative of g(s). Calculate j(7).
3
Let b(a) = 2*a - 19. Let u be b(8). Let q(y) = -5*y**2 - y - 2. Determine q(u).
-44
Let l(k) = -8 - 159*k + 317*k - 167*k - k**2 + 0*k**2. Determine l(-7).
6
Let s(w) = 2*w**3 - 2*w - 1. Suppose -5*z + 10 + 0 = 0. Suppose 0*o - 2*o = 6, -z*v + 5 = -3*o. Let r be (-12)/(-8) - (-5)/v. Give s(r).
-1
Let k(i) be the second derivative of 0 - 1/6*i**3 - 7*i - 1/2*i**2. Suppose 2*d + 4 = 4*d. Give k(d).
-3
Let t(g) = -2*g + 3. Suppose 5*y + 3*z + 32 = 2, y + 2*z = -6. Let s be (-28)/(-6) + y/27*3. Give t(s).
-5
Let q(i) = 0*i + 2*i - 14 + 20 - i. Let n(y) = -y + 1. Let c(p) = n(p) - q(p). Calculate c(-6).
7
Let a = -38 - -23. Let s = 10 + a. Let l(d) = 18*d**3 - 9*d**3 - 8*d**3 + 7*d + 6*d**2. Calculate l(s).
-10
Let u(b) = -2*b**2 + 7*b + 13. Let w(l) = -l**2 + 4*l + 6. Let k(s) = -3*u(s) + 5*w(s). What is k(0)?
-9
Let q(i) be the second derivative of i**5/20 + 2*i**4/3 + 3*i**2 - 4*i + 14. Determine q(-8).
6
Let w(f) = f**2 - 2*f - 2. Let t(v) = 7*v**2 - 14*v - 3. Let h(c) = t(c) - 5*w(c). Calculate h(7).
77
Let z(l) = 4*l**3 - l**2 + l + 1. Let k = 118 - 124. Let w be ((-4)/k)/((-22)/33). Determine z(w).
-5
Let o(z) be the first derivative of z**4/12 - z**3 + 7*z**2/2 + 11*z + 13. Let v(g) be the first derivative of o(g). Give v(6).
7
Let z be (-22)/6 - 20/15. Suppose 2*y - 8 = -2*k, 7*k - 2*k = 4*y + 11. Let f(h) = -2 + 5*h - h**2 - k*h - 6*h. Give f(z).
-7
Let i(v) = -4*v**2 + 3*v - 8. Let d(r) = 11*r**2 - 10*r + 24. Let o(w) = -3*d(w) - 8*i(w). Let y be o(6). Let f = -2 - y. Let l(t) = -t + 5. Give l(f).
-1
Let j(r) = r**2 - 12*r + 11. Suppose 5*k + 2*s = 44, -4*k - 4*s = -4 - 24. Calculate j(k).
-9
Suppose 5*s = -2*p + 31, 4*s = -3*p + 266 - 230. Let d(n) be the third derivative of -1/6*n**3 + 0*n + 1/120*n**6 - 1/20*n**5 - 1/12*n**4 + 0 - n**2. Give d(s).
-7
Let x be 1*(-1 - (0 - 5)). Let r(a) be the third derivative of -a**5/60 - 11*a**3/6 + 33*a**2. Let s(j) be the first derivative of r(j). Give s(x).
-8
Let b(c) = 25*c - 65. Let o(q) = -17*q + 46. Let y(f) = -5*b(f) - 7*o(f). Calculate y(-6).
39
Suppose -3*g = q + 20, -g = -4*q + 2*q - 5. Let p(s) = -s**3 - 3*s**2 + 6*s - 4. What is p(g)?
16
Let p = -11 + 13. Let o(j) = -1 + 3*j**3 + 8*j**p - 4*j**3 - 7*j + j + 0. Suppose 3*z = -i + 25, -2*z = -6*i + 3*i - 2. What is o(z)?
6
Let k(y) = 5*y. Let f(t) = t**2 - 15*t + 1. Suppose 0 = 4*c - 3*u - 5, -5*c - 4*u - 29 = -74. Let n = 20 - c. Let l be f(n). Calculate k(l).
5
Let o = -10 - -3. Let v(n) = n**3 + 7*n**2 + 4*n - 10. Calculate v(o).
-38
Let k(r) = r**3 - 6*r**2 - r + 1. Let a be (4 + 5)/(6/4). Give k(a).
-5
Let d(n) be the second derivative of -n**4/24 - n**2/2 - n. Let u(a) be the first derivative of d(a). Let p be (-1)/((-6)/15)*(-12)/(-5). What is u(p)?
-6
Let u(r) = -6*r**2 - 15*r + 20. Suppose 12*z + 14 = 5*z. Let c(n) = -n**2 - 3*n + 4. Let a(l) = z*u(l) + 11*c(l). Give a(3).
4
Let z be 6/11 - 20/(-44). Let p(g) = 6*g. What is p(z)?
6
Let a(v) be the second derivative of -v**5/10 + v**4/6 + v**3/3 + 7*v - 7. What is a(-2)?
20
Let l(w) = 2*w + 7. Suppose 12*q - 7*q + 20 = 0. Let t(r) = -2*r - 6. Let j(g) = q*l(g) - 5*t(g). Give j(-4).
-6
Let b(j) be the third derivative of -j**5/60 - 7*j**4/24 - 3*j**3/2 + 5*j**2. Let v be b(-5). Let g(t) = 6 - 3 - v - 3 - 6*t. Determine g(-1).
5
Let n(u) be the third derivative of u**4/24 + u**3/3 - 3*u**2. Let x be 4/(-14) - 4/(-14). Let d = -3 - x. What is n(d)?
-1
Let x be 3*(112/105)/(4/50). Let t(m) = x*m**2 + 3 - 8*m - 41*m**2 + m. Let s(a) = -a**3 - 5*a**2 - 3*a - 2. Let z be s(-4). What is t(z)?
9
Let f(c) = 0 - 37*c**2 + 0 + 36*c**2 - 6*c - 5*c - 7. Give f(-11).
-7
Let s be (-27)/(-18) + 1/2. Let f(y) = y**3 + 1. Calculate f(s).
9
Let w(l) be the third derivative of l**6/360 + l**5/20 - l**4/24 - 5*l**3/6 - 12*l**2. Let y(b) be the first derivative of w(b). Determine y(-3).
-10
Suppose -7*y - 4 = -2*y - t, t + 3 = -2*y. Let m(a) = -a**2 - 4*a - 1. Give m(y).
2
Let a(l) = 1864 - 1864 + l**2. What is a(-3)?
9
Let o(b) = -b - 5. Let k be o(-10). Suppose n + 0 = 5*l - 12, 3*n = -l + 12. Let z(p) = -5*p**2 - 9*p**3 + 3*p - p**2 + 10*p**l. Calculate z(k).
-10
Let j(q) = 3*q**2 - 11*q + 50. Let w(n) = 2*n**2 - 7*n + 33. Let k(b) = -5*j(b) + 8*w(b). Let d be 2/(-16)*-4*0. Let x be 0 - ((2 - d) + -2). What is k(x)?
14
Let v(t) = -t + 4. Let c(s) = -s + 5. Let a(y) = 4*c(y) - 5*v(y). Let h = -2 - 0. Determine a(h).
-2
Let v(j) = 9*j**2 - j. Let m(h) = h**3 - 26*h**2 - 28*h + 28. Let l be m(27). Suppose -7 + l = -6*n. Give v(n).
8
Let r(v) = v**2 + 6*v + 2. Suppose -28 + 3 = -5*s, -4*o + 4*s = 8. Suppose 5*q = 4*q - o. Let c be (54/14 + q)*-7. Calculate r(c).
2
Let f = 32 + -24. Suppose 5*x - 4*x = 4*h + f, 4 = 4*x - 2*h. Let k(a) = -a**2 - 25. Calculate k(x).
-25
Let p(z) be the first derivative of -z**5/30 - 5*z**4/24 - z**3/3 + 2. Let a(s) be the third derivative of p(s). Let g be (-3 - 1)/4*(6 - 1). Calculate a(g).
15
Let q(o) = -2*o**3 + o**2 - 6*o + 8. Let k(s) = -s**3 + s**2 - 3*s + 4. Let f(b) = 11*k(b) - 6*q(b). Calculate f(-4).
0
Let v(r) be the first derivative of -r**2/2 + 8*r - 79. Give v(0).
8
Let o(s) = -4*s**3 + 2*s + 1. Let w = 688 + -689. Give o(w).
3
Let m = -164 + 170. Let q(k) be the first derivative of -k**2/2 - 2. Give q(m).
-6
Let j be 9/(9/3) - 0/2. Let u(z) = 0*z**j - z**3 + 5 + 6*z**2 + 39*z - 43*z. Give u(5).
10
Let m = -7 - -11. Let u(a) = -11*a**2 - 14*a**2 + 35*a**2 + 4*a - 11*a**2 + 3. Give u(m).
3
Let p(f) = 4*f - 11. Let y(v) = -v. Let s(b) = p(b) + 3*y(b). Let w be s(13). Let l(m) = 3*m**2 + w*m + 0 - 4*m**2 + 8*m**3 - 1 - 5*m**3. Give l(1).
3
Let h = -25 - -27. Let q(